2888820.
20
Calculate the highest common factor of 139 and 11540197.
139
Calculate the greatest common factor of 282643196 and 11.
11
Calculate the highest common factor of 432 and 58022784.
432
What is the highest common divisor of 8197547 and 31?
31
Calculate the greatest common divisor of 2808 and 227603532.
156
What is the highest common divisor of 14168 and 754600?
616
Calculate the highest common divisor of 10428960 and 480.
480
What is the greatest common divisor of 100706 and 6794?
86
What is the highest common factor of 9197858 and 446?
446
What is the highest common factor of 3133660 and 8?
4
Calculate the greatest common divisor of 13404990 and 6.
6
Calculate the highest common divisor of 30758133 and 777.
21
What is the greatest common divisor of 255555562 and 745?
149
What is the greatest common factor of 128907 and 1116?
9
Calculate the greatest common divisor of 66285 and 10665.
135
Calculate the greatest common factor of 177829524 and 2412.
2412
What is the greatest common divisor of 5134 and 539206?
34
What is the highest common divisor of 124818920 and 40?
40
Calculate the greatest common factor of 6154 and 55220928.
362
What is the greatest common divisor of 1 and 407942483?
1
Calculate the highest common divisor of 36 and 9208716.
12
Calculate the greatest common divisor of 651 and 49434.
21
What is the greatest common factor of 21831344 and 11392?
1424
What is the highest common divisor of 1110 and 61837878?
222
What is the greatest common factor of 1001076244 and 1057?
1057
Calculate the greatest common factor of 832626 and 272.
34
What is the highest common divisor of 38422431 and 9656?
1207
Calculate the greatest common factor of 213 and 19400963.
71
What is the greatest common factor of 163525900 and 10?
10
What is the highest common factor of 681 and 162627?
3
Calculate the highest common divisor of 82100 and 5162448.
3284
What is the greatest common divisor of 446235 and 90?
15
What is the greatest common factor of 9577418 and 318?
106
Calculate the greatest common divisor of 513 and 2916702.
27
Calculate the greatest common factor of 172 and 814368916.
172
What is the greatest common divisor of 42848 and 1729?
13
Calculate the highest common divisor of 3097 and 1872055.
163
What is the greatest common factor of 67405225 and 100?
25
What is the greatest common factor of 4835229 and 1351?
1351
Calculate the greatest common divisor of 321180 and 2014.
106
Calculate the greatest common factor of 267960528 and 5544.
792
What is the highest common factor of 1102361646 and 8436?
4218
Calculate the greatest common divisor of 1669485 and 357.
51
What is the greatest common divisor of 985864 and 28016?
136
Calculate the highest common factor of 1224 and 6270654.
102
Calculate the greatest common factor of 70 and 12650246.
14
What is the highest common factor of 126004960 and 1086?
362
Calculate the highest common factor of 26685256 and 416.
104
Calculate the greatest common divisor of 1864 and 2220956.
932
What is the greatest common divisor of 353961 and 94671?
603
What is the greatest common factor of 28347730 and 5310?
590
What is the highest common divisor of 9180 and 12665?
85
Calculate the greatest common factor of 2009 and 1651741.
49
What is the highest common factor of 584892 and 153?
9
What is the greatest common factor of 31350660 and 47520?
660
What is the highest common factor of 29440 and 35393320?
920
Calculate the greatest common divisor of 150 and 4892900.
50
What is the greatest common divisor of 79355 and 10915?
295
What is the greatest common factor of 7090837 and 13?
13
What is the greatest common factor of 150652783 and 11859?
3953
Calculate the greatest common divisor of 354000 and 46728.
1416
What is the greatest common divisor of 29721772 and 172?
172
Calculate the greatest common factor of 189 and 479871.
189
What is the greatest common divisor of 23365 and 4855?
5
Calculate the greatest common factor of 3560 and 3749570.
890
Calculate the highest common factor of 207973887 and 66.
33
What is the highest common divisor of 99244 and 293116?
2308
What is the highest common factor of 4857815 and 115?
5
Calculate the greatest common divisor of 1019528 and 45221.
4111
What is the greatest common factor of 30 and 4846458?
6
What is the highest common factor of 71193207 and 15325?
613
What is the greatest common factor of 84 and 58361114?
14
Calculate the highest common divisor of 8308979 and 9065.
1813
What is the greatest common factor of 2544876 and 206721?
2007
Calculate the greatest common factor of 63478 and 1166875.
1867
What is the highest common factor of 83451318 and 14415?
2883
What is the greatest common factor of 13506976 and 357?
119
Calculate the greatest common factor of 16530 and 87595225.
2755
Calculate the greatest common divisor of 22284045 and 280.
35
Calculate the highest common factor of 136 and 23653477.
17
What is the highest common divisor of 23760758 and 28?
14
What is the greatest common divisor of 165 and 193092?
3
Calculate the greatest common divisor of 13 and 5086601.
13
Calculate the highest common divisor of 44970606 and 1254.
114
What is the greatest common factor of 67089320 and 25560?
2840
Calculate the greatest common factor of 8836021 and 3763.
71
What is the highest common factor of 14977235 and 7?
7
What is the highest common divisor of 4224 and 314880?
384
What is the greatest common factor of 1540 and 805301420?
1540
Calculate the greatest common divisor of 709950 and 11835.
15
Calculate the greatest common divisor of 322 and 41163836.
322
Calculate the greatest common factor of 101120 and 509120.
320
What is the greatest common divisor of 861 and 10228885?
41
Calculate the greatest common factor of 24846 and 24240.
606
Calculate the highest common divisor of 3472 and 22224768.
496
Calculate the greatest common divisor of 1041 and 631898798.
347
What is the highest common divisor of 12596 and 3602080?
188
What is the greatest common factor of 9038821 and 356708?
1331
What is the greatest common factor of 50944 and 439591?
199
What is the highest common factor of 480 and 1591860?
60
Calculate the highest common factor of 2853105 and 255.
15
What is the greatest common divisor of 8879452 and 18670?
3734
What is the greatest common divisor of 4537584 and 208?
16
Calculate the highest common divisor of 1441643470 and 521.
521
What is the greatest common factor of 46374926 and 1339?
1339
What is the greatest common divisor of 2361 and 2118?
3
What is the greatest common factor of 1467584 and 13248?
1472
Calculate the highest common factor of 77662 and 352014.
26
Calculate the greatest common divisor of 8451 and 46011.
939
What is the highest common factor of 1845660 and 29830?
190
Calculate the greatest common divisor of 1604185 and 5599.
11
Calculate the greatest common divisor of 102932305 and 22895.
1205
Calculate the greatest common factor of 5372037506 and 22.
22
What is the highest common factor of 188 and 67741711?
47
Calculate the greatest common factor of 12444111 and 3159.
81
Calculate the highest common factor of 3537 and 1045251.
27
What is the highest common divisor of 945156 and 48348?
948
Calculate the greatest common divisor of 360450 and 1650.
150
Calculate the highest common divisor of 97135 and 7295.
5
Calculate the greatest common factor of 29360830 and 344.
86
Calculate the highest common divisor of 36 and 19597698.
18
Calculate the greatest common factor of 46 and 477799079.
23
What is the greatest common factor of 708 and 38005617?
177
What is the greatest common divisor of 137 and 7923541727?
137
What is the highest common divisor of 195112125 and 135?
135
What is the greatest common factor of 34960 and 49951?
19
Calculate the highest common factor of 3478 and 133198.
94
Calculate the greatest common factor of 1591 and 2010766.
43
Calculate the greatest common divisor of 597 and 1032284640.
597
Calculate the highest common divisor of 18975 and 2722050.
1725
Calculate the highest common factor of 30795086 and 494.
38
Calculate the greatest common factor of 1975428 and 210924.
2268
Calculate the greatest common divisor of 11 and 104002558.
11
What is the greatest common factor of 2184 and 5931003?
39
Calculate the greatest common factor of 294